e 0 = -4*k + 17 - l. Suppose -k*p - 126 = -6*p. What is the units digit of p?
2
Suppose o = -5*x - 3 - 2, -3*o = -x - 1. Suppose 0*c = -4*g + 2*c + 268, 4*g + c - 280 = o. What is the tens digit of g?
6
Let k = -13 - 71. What is the units digit of ((-8)/6)/(8/k)?
4
What is the thousands digit of 1 + 38/(-34) + (-616476)/(-476)?
1
Let y(v) = 2*v**2 - 12*v + 12. Let p be y(11). Let h = p - 52. Suppose -4*s = -6*s + h. What is the tens digit of s?
3
Suppose -3*j + 4*t = -107, -4*j - 4*t + 156 = -6*t. Let m = j + -29. Suppose 0 = -5*c + 3*l + 6 - 0, m = 4*l. What is the units digit of c?
3
What is the tens digit of 38/57*((-7466)/(-4) - 2)?
4
Suppose 7*a - a - 144 = 0. Suppose 3*n = -n + a. What is the units digit of n?
6
Suppose -2*p + 18 = p + 2*l, 2*p - 12 = 2*l. Let y = -2 + p. Suppose -7*t = -2*t - y*j - 235, j = -2*t + 81. What is the tens digit of t?
4
Let n = 19 - 17. What is the hundreds digit of -1 + n/(-8) + (-1371)/(-12)?
1
Let w be (3/(-6))/(1/(-8)). Suppose -w*m + 105 = 3*m. What is the tens digit of m?
1
Let f = -33 - -138. What is the tens digit of f?
0
Let g = 1347 - 1207. What is the units digit of g?
0
Let r(s) = -64*s**2 + 2. Let a(w) = w**2. Let z = 15 + -16. Let y(t) = z*r(t) + 4*a(t). What is the tens digit of y(-1)?
6
Suppose f = -3, 33*f - 30*f + 561 = 4*j. What is the tens digit of j?
3
Suppose -5*i + 9*i + 2*j = 5730, 0 = i - j - 1440. What is the thousands digit of i?
1
Suppose 4*a - 170 = 18. Suppose -4*m + 17 = -5*m. Let t = m + a. What is the units digit of t?
0
Suppose 7*t - 6*t = 32. Suppose 4*p - 4 - t = 0. What is the units digit of p?
9
Suppose 3*c = 7*c - 8. Suppose -m + 2*q = -4, -c*q + 11 = 3. What is the tens digit of (-3 + 3 - 1) + m?
1
Suppose -2*x - 2*x + 8 = 0. What is the units digit of x/(-12) + (-7448)/(-48)?
5
Let y(p) = 116*p + 44. What is the tens digit of y(1)?
6
What is the tens digit of (2*3)/(8 + 1505/(-189))?
6
Let j(p) = -4*p**2 + 6*p + 16. Let b(c) = 5*c**2 - 7*c - 16. Let f(m) = 5*b(m) + 6*j(m). What is the tens digit of f(0)?
1
Let z(o) = -o**3 - o**2 - o + 1. Let p(s) = 11*s**2 - 6*s. Let r(u) = -p(u) - z(u). What is the units digit of r(10)?
9
Suppose 2*a - 9*a = 0. Suppose 2*p - 4*o + 4 = a, -6*p - 3*o = -4*p - 31. Let x = 19 + p. What is the units digit of x?
7
Suppose z - 112 = 3*z. Let o be (z/(-10))/((-5)/(-25)). Suppose 0*p - p - 116 = -5*l, p - o = -l. What is the units digit of l?
4
Suppose 273 = -g + 4*g. Suppose -22 + g = 3*k. What is the tens digit of k?
2
Let v(b) = b**3 + 7*b**2 + 5*b - 4. Let n be v(-6). Suppose -7*g + 2*g + 250 = 0. Suppose -y = -n*a + 2*y + g, 4*y + 20 = a. What is the units digit of a?
8
Suppose 3*b - 3*y - 14997 = -2*b, -4*b + 3*y + 12000 = 0. What is the units digit of b?
7
Let o(f) = f**3 + 5*f**2 + f + 7. Let g be o(-5). Suppose -k = g*k. Suppose -3*u + 21 + 60 = k. What is the tens digit of u?
2
Suppose -3*m = -4*o - 8*m + 6614, -4*m + 8263 = 5*o. What is the tens digit of o?
5
Let l = 1026 - 558. Suppose -4*q + l = -4*h, -5*h + 4*h + 335 = 3*q. What is the units digit of q?
3
Let w(f) = 23*f - 16. Suppose 0 = -m, -3*m = t - 0*m - 3. What is the units digit of w(t)?
3
Suppose 3*f = 13 + 47. Suppose -f*w + 2160 = -10*w. What is the tens digit of w?
1
Suppose 0 = -2*t + 142 + 2. What is the tens digit of 1*17 - 9/(t/(-16))?
1
Let r(p) be the second derivative of -p**4/12 + 3*p**3/2 - 3*p**2/2 - 5*p. Let o be r(6). Let v = o - -10. What is the tens digit of v?
2
Suppose 0 = -207*z + 195*z + 5724. What is the hundreds digit of z?
4
Suppose -20 = 4*q - 24, 3*q = -4*z + 535. What is the units digit of z?
3
Suppose 0 = -4*z - 38 - 262. Let i = z - -142. What is the tens digit of i?
6
Suppose -103*w = -106*w + 1017. What is the hundreds digit of w?
3
Let d(w) = -w**3 - 28*w**2 - 57*w + 6. What is the tens digit of d(-26)?
3
Suppose -g + 1800 = -3*g. What is the tens digit of (1/2)/(0 - 6/g)?
7
Let m(v) = -v**3 + 5*v**2 - v - 4. Let i be m(5). Let x = i + 14. Suppose 3*s - 36 = -5*d, -2 = -x*s + 8. What is the units digit of d?
6
Let l = 4 + 3. Let n = 15 - l. What is the units digit of (108/n)/(6/8)?
8
Let h = -3659 + 5168. What is the thousands digit of h?
1
Suppose 2*n = 2*x + 24, 4*n - x - 18 = 39. Let p = n + 47. What is the units digit of p?
2
Let g(w) = -8*w - 206. Let v be g(-26). Let q(r) = -r - 4. Let h be q(-4). Suppose h*j = j - v. What is the units digit of j?
2
Let t(h) = h**2 - 14*h - 21. Let j(p) = -p**2 + 13*p + 20. Let c(s) = -6*j(s) - 5*t(s). Suppose -l = -f - 0*f + 11, 3 = 3*l. What is the tens digit of c(f)?
3
Let w = 249 + -149. Let b = -42 + w. What is the tens digit of b?
5
Let p(j) = -j**3 - 5*j**2 + 4*j - 5. Let f be p(-6). Let t(d) = -4*d + 13. Let a(q) = 12*q - 38. Let s(k) = 3*a(k) + 8*t(k). What is the units digit of s(f)?
8
Let t(u) = 38*u + 55. What is the tens digit of t(3)?
6
Let n = -61 + 61. Suppose -2*l - 2*h + 248 = n, -5*l + 0*h = -3*h - 636. What is the hundreds digit of l?
1
Suppose 21*t - 166 = -40. Let n be (-9)/(-4) - (-3)/(-12). Suppose n*p + 2*x + t = 7*p, -2*p - 3*x + 10 = 0. What is the units digit of p?
2
Suppose 73*b = 71*b + 890. What is the units digit of b?
5
Let a(g) = g**2 - 10*g - 3. Let o be a(11). Let j(x) = 3 + 3 - x**2 + x**2 - o*x + x**2. What is the units digit of j(11)?
9
What is the hundreds digit of -1421*(55/(-77) + (-2)/7)?
4
Let m(v) = 36*v**3 - 4*v**2 - 6*v + 7. What is the units digit of m(3)?
5
Let g(l) = l**3 + 2*l**2 - 3*l + 1. Let n be g(1). What is the units digit of (10/(-6) + n)*-6?
4
Suppose -1841 = -24*f + 2911. What is the tens digit of f?
9
Suppose 0 = r - 5, 5*r - 375 = 2*w - 1012. What is the hundreds digit of w?
3
What is the hundreds digit of (-176)/(-55)*(-85)/(-2)?
1
What is the units digit of ((-1 - 379) + 0)*(-6)/8?
5
Suppose i = -3*i + 492. Suppose 4*f = -i + 407. What is the tens digit of f?
7
Suppose w + 422 = 2*x - 3*w, 0 = 4*w + 12. Let c = -33 + x. What is the units digit of c?
2
Suppose 1112 = 4*r - 76. Let v = -187 + r. What is the tens digit of v?
1
Suppose -2*d = s - 780, 3*d = 8 - 2. What is the hundreds digit of s?
7
Suppose 15 = -19*h + 14*h. Let y(x) = -5*x**3 - 4*x**2 + 3*x + 7. What is the units digit of y(h)?
7
Suppose -r = -3*w - 549, -5*r + 3*w + 536 = -2209. What is the tens digit of r?
4
Let c = -33 - -35. Suppose c*b - 1 = 5*i - 23, 5*b + 2*i - 3 = 0. Let n = 10 + b. What is the units digit of n?
9
Let b(y) = -3*y**3 - 6*y**2 + 11*y + 2. What is the units digit of b(-7)?
0
Let j(d) = -d**3 - 6*d**2 + 4. Let v be j(-7). Suppose 11 = -2*a - v. Let q = 46 + a. What is the tens digit of q?
1
Suppose 0 = -4*n + 5163 + 2765. What is the thousands digit of n?
1
Let u(j) = -3*j + 4. Suppose -3*n - 9 = -0*n. Let m be u(n). Suppose -l + m = 5*x, -x - 38 = -2*l + x. What is the tens digit of l?
1
Let l(x) = 65*x**2 - 18*x + 98. What is the tens digit of l(7)?
5
Suppose -95 = -3*o - g + 12, 104 = 3*o + 4*g. Let v = -56 + o. Let m = 39 + v. What is the units digit of m?
9
Let q = 1635 - 557. Suppose -v - 3*o = -6*v + 1329, 5*o = -4*v + q. Suppose 5*p = 2*s + v, -3*p + 0*p = 4*s - 155. What is the units digit of p?
3
Let z be 54/15 + (-12)/20. Suppose -z*w + 48 = w. Let c = w - 1. What is the units digit of c?
1
Let l = 20 - 27. Let d = 12 + l. Suppose -4*n - 50 = -4*m - 6*n, d*n - 5 = 0. What is the tens digit of m?
1
Let w(z) = 123*z**3 + 12*z**2 - 26*z + 4. What is the tens digit of w(3)?
5
Suppose 18*c - 5*o = 16*c + 244, 0 = -4*c + 4*o + 464. What is the tens digit of c?
1
Let m be (-4 + -4)/(-4) - -4. Let d = 0 + m. Let c(s) = s**2 - s + 5. What is the units digit of c(d)?
5
Let d = -3 - -3. Let x be d/(-3) - -3 - -1. Suppose -6*s = -2*s - x. What is the units digit of s?
1
Suppose -4*b + 5*r = 336, 3*b + 0*b + 2*r = -229. Let y = b + 124. What is the units digit of y?
5
Let p = -77 + 128. Let x = 90 - p. What is the units digit of x?
9
Let v be (-4)/6 + 248/12. Suppose 5*i - v = 3*i. What is the tens digit of i?
1
Suppose 0*m = 3*n + 3*m, 5*n = 4*m + 27. Suppose 3*i - 144 = 3*d, -4*i = n*d - 35 - 185. What is the tens digit of i?
5
Suppose 0 = 5*w - 4*w + 16. Let j = 73 - 37. What is the tens digit of 4/(w/j)*-3?
2
Let s(m) = -8*m**2 + 14*m**2 - 2 + 11*m**2 - 3*m. Let b be s(-3). Suppose p = -4*p + b. What is the units digit of p?
2
Let m(h) = 73*h - 